{"id":380,"date":"2022-01-23T12:41:57","date_gmt":"2022-01-23T11:41:57","guid":{"rendered":"https:\/\/luknaz-sport.pl\/?page_id=380"},"modified":"2023-10-29T18:32:45","modified_gmt":"2023-10-29T17:32:45","slug":"regulamin","status":"publish","type":"page","link":"https:\/\/luknaz-sport.pl\/index.php\/regulamin\/","title":{"rendered":"Regulamin"},"content":{"rendered":"\n<figure class=\"wp-block-image size-large\"><img fetchpriority=\"high\" decoding=\"async\" width=\"1024\" height=\"453\" src=\"https:\/\/luknaz-sport.pl\/wp-content\/uploads\/2023\/10\/Regulamin-1024x453.jpg\" alt=\"\" class=\"wp-image-539\" srcset=\"https:\/\/luknaz-sport.pl\/wp-content\/uploads\/2023\/10\/Regulamin-1024x453.jpg 1024w, https:\/\/luknaz-sport.pl\/wp-content\/uploads\/2023\/10\/Regulamin-300x133.jpg 300w, https:\/\/luknaz-sport.pl\/wp-content\/uploads\/2023\/10\/Regulamin-768x339.jpg 768w, https:\/\/luknaz-sport.pl\/wp-content\/uploads\/2023\/10\/Regulamin-1536x679.jpg 1536w, https:\/\/luknaz-sport.pl\/wp-content\/uploads\/2023\/10\/Regulamin.jpg 1833w\" sizes=\"(max-width: 1024px) 100vw, 1024px\" \/><\/figure>\n\n\n\n<p>1. POSTANOWIENIA OG\u00d3LNE.<\/p>\n\n\n\n<p>a) Us\u0142ugodawc\u0105 \u2013 administratorem serwisu luknaz-sport.pl jest \u0141ukasz Za\u0144, prowadz\u0105cy dzia\u0142alno\u015b\u0107 gospodarcz\u0105 ze wpisem do CEIDG pod nazw\u0105 LUKNAZ \u0141UKASZ ZA\u0143 z siedzib\u0105 przy ul. Przy Forcie 12A\/56 w Warszawie 02-495, NIP:&nbsp;5372477698 REGON:&nbsp;368879062.<\/p>\n\n\n\n<p>b) Us\u0142ugodawca prowadzi dzia\u0142alno\u015b\u0107 maj\u0105c\u0105 na celu edukacj\u0119 i popraw\u0119 kondycji fizycznej.<\/p>\n\n\n\n<p>c) Oferowane us\u0142ugi nale\u017cy traktowa\u0107 jedynie jako profilaktyk\u0119 aktywnego trybu \u017cycia, nie jako wskazania lekarskie.<\/p>\n\n\n\n<p>d) Z us\u0142ug mog\u0105 korzysta\u0107 osoby fizyczne, firmy oraz grupy zorganizowane.<\/p>\n\n\n\n<p>e) Osoby, kt\u00f3re nie uko\u0144czy\u0142y 18 roku \u017cycia, mog\u0105 korzysta\u0107 z us\u0142ug jedynie po uzyskaniu zgody rodzica lub opiekuna pe\u0142noprawnego.<\/p>\n\n\n\n<p>f) Administrator zastrzega sobie wy\u0142\u0105czne prawo do wykorzystania przypisanego adresu strony internetowej.<\/p>\n\n\n\n<p>g) Pos\u0142ugiwanie si\u0119 domen\u0105 oraz logiem LUKNAZ-SPORT przez osoby trzecie mo\u017ce wi\u0105za\u0107 si\u0119 z odpowiedzialno\u015bci\u0105 karn\u0105 w zakresie naruszenia praw autorskich.<\/p>\n\n\n\n<p>h) Korzystanie z us\u0142ug oferowanych przez serwis luknaz-sport.pl oznacza zgod\u0119 na przetwarzanie danych osobowych przez administratora. Szczeg\u00f3\u0142y dotycz\u0105ce przetwarzania danych osobowych znajduj\u0105 si\u0119 w dalszej cz\u0119\u015bci niniejszego regulaminu.<\/p>\n\n\n\n<p>i) Korzystanie z us\u0142ug oferowanych przez serwis luknaz-sport.pl oznacza akceptacj\u0119 regulaminu.<\/p>\n\n\n\n<p>2. US\u0141UGI I P\u0141ATNO\u015aCI.<\/p>\n\n\n\n<p>a) Zakres us\u0142ug \u015bwiadczonych przez us\u0142ugodawc\u0119 przedstawiony jest w serwisie luknaz-sport.pl oraz bezpo\u015brednio we wpisach na profilach medi\u00f3w spo\u0142eczno\u015bciowych zarz\u0105dzanych przez us\u0142ugodawc\u0119.<\/p>\n\n\n\n<p>b) Pod poj\u0119ciem us\u0142ug nale\u017cy rozumie\u0107 wykonanie wszelkich czynno\u015bci oferowanych przez us\u0142ugodawc\u0119 na podstawie zawarcia umowy z us\u0142ugobiorc\u0105.<\/p>\n\n\n\n<p>c) Us\u0142ugobiorca mo\u017ce zam\u00f3wi\u0107 us\u0142ug\u0119 na podstawie jednej z form umowy: ustnej, pisemnej, a tak\u017ce poprzez akceptacj\u0119 warunk\u00f3w przedstawionych w korespondencji mailowej i prywatnej w mediach spo\u0142eczno\u015bciowych, z kt\u00f3rych profilami serwis luknaz-sport.pl jest powi\u0105zany.<\/p>\n\n\n\n<p>d) Oferowane us\u0142ugi maj\u0105 na celu edukacj\u0119 i popraw\u0119 kondycji fizycznej poprzez: trening personalny, trening grupowy, doradztwo w zakresie zbilansowanego \u017cywienia i metod treningowych, prowadzenie szkole\u0144 i zaj\u0119\u0107 formalnie zorganizowanych.<\/p>\n\n\n\n<p>e) Us\u0142ugodawca o\u015bwiadcza, \u017ce posiada odpowiednie kwalifikacje w zakresie oferowanych us\u0142ug.<\/p>\n\n\n\n<p>f) Ceny poszczeg\u00f3lnych us\u0142ug znajduj\u0105 si\u0119 w zak\u0142adce \/ <em>cennik<\/em> \/.<\/p>\n\n\n\n<p>g) Ceny us\u0142ug mog\u0105 r\u00f3\u017cnic si\u0119 od wskazanych w ofercie w przypadku uwzgl\u0119dnienia rabatu okoliczno\u015bciowego, pakietu promocyjnego lub w przypadku odr\u0119bnej wyceny us\u0142ugi indywidualnej.<\/p>\n\n\n\n<p>h) P\u0142atno\u015b\u0107 za us\u0142ugi odbywa si\u0119 za po\u015brednictwem tradycyjnego przelewu bankowego i got\u00f3wk\u0105 \u201ez g\u00f3ry\u201d lub po wykonanej us\u0142udze \u2013 za porozumieniem z us\u0142ugodawc\u0105.<\/p>\n\n\n\n<p>i) Faktura VAT za wykonan\u0105 us\u0142ug\u0119 wystawiana jest na pro\u015bb\u0119 us\u0142ugobiorcy.<\/p>\n\n\n\n<p>j) Nie ma mo\u017cliwo\u015bci wycofania zam\u00f3wionej us\u0142ugi pod indywidualne zam\u00f3wienie, chyba, \u017ce proces realizacji us\u0142ugi nie zosta\u0142 rozpocz\u0119ty. W przypadku sytuacji losowych us\u0142ugobiorcy, mo\u017cliwo\u015b\u0107 zwrotu cz\u0119\u015bci op\u0142aconej us\u0142ugi mo\u017ce by\u0107 rozpatrywany indywidualnie \u2013 o ile zam\u00f3wiona us\u0142uga nie zosta\u0142a jeszcze zako\u0144czona.<\/p>\n\n\n\n<p>k) Cennik i zasady korzystania z us\u0142ug szkole\u0144 ustanowione s\u0105 w odr\u0119bnym regulaminie.<\/p>\n\n\n\n<p>l) Us\u0142ugi przeznaczone s\u0105 dla os\u00f3b zdrowych, bez przeciwskaza\u0144 lekarskich do wysi\u0142ku fizycznego. Us\u0142ugobiorca ma obowi\u0105zek poinformowa\u0107 us\u0142ugodawc\u0119 o wszelkich okoliczno\u015bciach mog\u0105cych wp\u0142yn\u0105\u0107 na pogorszenie jego stanu zdrowia, a w przypadku braku jego poinformowania korzysta z us\u0142ug na w\u0142asn\u0105 odpowiedzialno\u015b\u0107.<\/p>\n\n\n\n<p>m) Korzystanie z us\u0142ug treningu osobistego i grupowego jest dobrowolne. Nadmierny wysi\u0142ek fizyczny mo\u017ce wi\u0105za\u0107 si\u0119 z ryzykiem powstania kontuzji, uszkodzenia cia\u0142a lub innego uszczerbku na zdrowiu. W przypadku losowego zdarzenia zaistnia\u0142ego podczas treningu skutkuj\u0105cego w\/w nast\u0119pstwa, us\u0142ugobiorcy zobowi\u0105zuj\u0105 si\u0119 do nie sk\u0142adania roszcze\u0144 wobec us\u0142ugodawcy.<\/p>\n\n\n\n<p>n) Wytyczne dotycz\u0105ce modelu \u017cywienia i treningu ustalone w trakcie konsultacji nie powinny by\u0107 traktowane jako wskazania lekarskie, lecz jedynie jako profilaktyk\u0119 aktywnego trybu \u017cycia.<\/p>\n\n\n\n<p>o) Osoby po przebytych urazach, kontuzjach, z chorobami uk\u0142adu sercowego, oddechowego, pokarmowego, wadach postawy i uk\u0142adu ruchu, a tak\u017ce b\u0119d\u0105ce obci\u0105\u017cone innymi schorzeniami wrodzonymi lub nabytymi korzystaj\u0105 z us\u0142ug na w\u0142asn\u0105 odpowiedzialno\u015b\u0107.<\/p>\n\n\n\n<p>p) Kobiety w ci\u0105\u017cy mog\u0105 korzysta\u0107 z us\u0142ug na w\u0142asn\u0105 odpowiedzialno\u015b\u0107 wy\u0142\u0105cznie po uprzedniej konsultacji ze specjalist\u0105.<\/p>\n\n\n\n<p>r) Us\u0142ugodawca nie podnosi odpowiedzialno\u015bci za rzeczy pozostawione lub zagubione podczas wykonywania danej us\u0142ugi.<\/p>\n\n\n\n<p>s) Us\u0142ugodawca stara si\u0119 zapewni\u0107 us\u0142ugi na mo\u017cliwie najwy\u017cszym poziomie.<\/p>\n\n\n\n<p>3. MEDIA SPO\u0141ECZNO\u015aCIOWE.<\/p>\n\n\n\n<p>a) Profile w mediach spo\u0142eczno\u015bciowych powi\u0105zane i zarz\u0105dzanie przez administratora serwisu luknaz-sport.pl propaguj\u0105 zdrowy, aktywny styl \u017cycia i maj\u0105 charakter jedynie informacyjny.<\/p>\n\n\n\n<p>c) Tre\u015bci zamieszczanych na profilach zwi\u0105zanych z serwisem luknaz-sport.pl nie nale\u017cy traktowa\u0107 jako wskazania lekarskie, a s\u0105 one jedynie profilaktyk\u0105 aktywnego trybu \u017cycia. Administrator nie odpowiada za wykorzystywanie tre\u015bci przez odbiorc\u00f3w w niew\u0142a\u015bciwy spos\u00f3b, a przede wszystkich wp\u0142ywaj\u0105cych na szkod\u0119 ich samych oraz os\u00f3b trzecich. <\/p>\n\n\n\n<p>e) Wpisy w mediach spo\u0142eczno\u015bciowych nie maj\u0105 na celu uto\u017csamiania si\u0119 z konkretnymi markami produkt\u00f3w, ani dzia\u0142ania na ich szkod\u0119.<\/p>\n\n\n\n<p>f) Materia\u0142y zamieszczane w mediach spo\u0142eczno\u015bciowych, kt\u00f3re nie nale\u017c\u0105 do&nbsp;administratora serwisu luknaz-sport.pl s\u0105 zgodne z licencj\u0105 CC0 (Creative Commons Zero license).<\/p>\n\n\n\n<p>4. PRZETWARZANIE DANYCH OSOBOWYCH.<\/p>\n\n\n\n<p>a) Przetwarzanie danych osobowych przez administratora domeny luknaz-sport.pl jest zgodne z Rozporz\u0105dzeniem Parlamentu Europejskiego i Rady (UE) 2016\/679 z dnia 27 kwietnia 2016r.<\/p>\n\n\n\n<p>b) Administratorem, czyli podmiotem decyduj\u0105cym o tym, jak b\u0119d\u0105 wykorzystane dane osobowe us\u0142ugobiorcy jest \u0141ukasz Za\u0144, prowadz\u0105cy dzia\u0142alno\u015b\u0107 gospodarcz\u0105 ze wpisem do CEIDG pod nazw\u0105 LUKNAZ \u0141UKASZ ZA\u0143 z siedzib\u0105 przy ul. Przy Forcie 12A\/56 w Warszawie 02-495. NIP:&nbsp;5372477698 REGON:&nbsp;368879062.<\/p>\n\n\n\n<p>c) Dane osobowe przekazywane s\u0105 przez us\u0142ugobiorc\u0119 podczas zakupu lub w wyniku zainteresowania us\u0142ug\u0105 oferowan\u0105 przez serwis luknaz-sport.pl kontaktuj\u0105c si\u0119 bezpo\u015brednio telefonicznie, pisemnie poczt\u0105 e-mail lub za pomoc\u0105 formularza kontaktowego.<\/p>\n\n\n\n<p>d) Administrator potrzebuje danych osobowych us\u0142ugobiorcy w celu: obs\u0142ugi i rejestracji zg\u0142osze\u0144 kierowanych telefonicznie, poczt\u0105 e-mail lub przez formularz kontaktowy; kontaktowania si\u0119 z us\u0142ugobiorc\u0105 w celach zwi\u0105zanych ze \u015bwiadczeniem us\u0142ug; zapewnienia bezpiecze\u0144stwa \u015bwiadczonych us\u0142ug; egzekwowania nale\u017cno\u015bci za wykonane us\u0142ugi.<\/p>\n\n\n\n<p>e) Niezb\u0119dne dane potrzebne do wykonania zam\u00f3wionej us\u0142ugi to: imi\u0119 i nazwisko, wiek, adres e-mail, numer kontaktowy.<\/p>\n\n\n\n<p>f) Wykonanie us\u0142ugi w spos\u00f3b inny ni\u017c standardowy, a tak\u017ce w celu zapewnienia najwy\u017cszej jako\u015bci oferowanych us\u0142ug, administrator serwisu luknaz-sport.pl b\u0119d\u0105cy jednocze\u015bnie us\u0142ugodawc\u0105 mo\u017ce wymaga\u0107 podania dodatkowych danych osobowych. Je\u015bli obowi\u0105zuj\u0105ce przepisy nie b\u0119d\u0105 wyklucza\u0142y wykonania us\u0142ugi bez podania dodatkowych danych, w\u00f3wczas ich udost\u0119pnienie b\u0119dzie zupe\u0142nie dobrowolne.<\/p>\n\n\n\n<p>g) Dane osobowe przetwarzane przez administratora wykorzystywane s\u0105 jedynie w celach identyfikacyjnych.<\/p>\n\n\n\n<p>h) Dane osobowe chronione s\u0105 przed dost\u0119pem do nich przez osoby trzecie.<\/p>\n\n\n\n<p>i) Dane osobowe przechowywane s\u0105 przez administratora maksymalnie przez okres do 2 lat od daty zako\u0144czenia wykonania us\u0142ugi w celach: wykonania obowi\u0105zk\u00f3w wynikaj\u0105cych z przepis\u00f3w prawa (w tym rachunkowych i podatkowych); potwierdzenia wykonania us\u0142ugi; zapobiegania nadu\u017cyciom i oszustwom; archiwizacyjnych; informacyjnych w przypadku zam\u00f3wionej kolejnej us\u0142ugi.<\/p>\n\n\n\n<p>j) Administrator nie archiwizuje danych osobowych us\u0142ugobiorcy, wobec kt\u00f3rego us\u0142uga nie zosta\u0142a sfinalizowana finansowo (nie nast\u0105pi\u0142a p\u0142atno\u015b\u0107 za us\u0142ug\u0119 lub by\u0142a darmowa w wyniku akcji promocyjnej).<\/p>\n\n\n\n<p>k) Zgod\u0119 na przetwarzanie danych osobowych mo\u017cna wycofa\u0107 w dowolnym momencie.<\/p>\n","protected":false},"excerpt":{"rendered":"<p>1. POSTANOWIENIA OG\u00d3LNE. a) Us\u0142ugodawc\u0105 \u2013 administratorem serwisu luknaz-sport.pl jest \u0141ukasz Za\u0144, prowadz\u0105cy dzia\u0142alno\u015b\u0107 gospodarcz\u0105 ze wpisem do CEIDG pod nazw\u0105 LUKNAZ \u0141UKASZ ZA\u0143 z siedzib\u0105 przy ul. Przy Forcie 12A\/56 w Warszawie 02-495, NIP:&nbsp;5372477698 REGON:&nbsp;368879062. b) Us\u0142ugodawca prowadzi dzia\u0142alno\u015b\u0107 maj\u0105c\u0105 na celu edukacj\u0119 i popraw\u0119 kondycji fizycznej. c) Oferowane us\u0142ugi nale\u017cy traktowa\u0107 jedynie jako&hellip;&nbsp;<a href=\"https:\/\/luknaz-sport.pl\/index.php\/regulamin\/\" rel=\"bookmark\">Dowiedz si\u0119 wi\u0119cej &raquo;<span class=\"screen-reader-text\">Regulamin<\/span><\/a><\/p>\n","protected":false},"author":1,"featured_media":0,"parent":0,"menu_order":0,"comment_status":"closed","ping_status":"closed","template":"","meta":{"neve_meta_sidebar":"","neve_meta_container":"","neve_meta_enable_content_width":"","neve_meta_content_width":0,"neve_meta_title_alignment":"","neve_meta_author_avatar":"","neve_post_elements_order":"","neve_meta_disable_header":"","neve_meta_disable_footer":"","neve_meta_disable_title":"","footnotes":""},"class_list":["post-380","page","type-page","status-publish","hentry"],"_links":{"self":[{"href":"https:\/\/luknaz-sport.pl\/index.php\/wp-json\/wp\/v2\/pages\/380","targetHints":{"allow":["GET"]}}],"collection":[{"href":"https:\/\/luknaz-sport.pl\/index.php\/wp-json\/wp\/v2\/pages"}],"about":[{"href":"https:\/\/luknaz-sport.pl\/index.php\/wp-json\/wp\/v2\/types\/page"}],"author":[{"embeddable":true,"href":"https:\/\/luknaz-sport.pl\/index.php\/wp-json\/wp\/v2\/users\/1"}],"replies":[{"embeddable":true,"href":"https:\/\/luknaz-sport.pl\/index.php\/wp-json\/wp\/v2\/comments?post=380"}],"version-history":[{"count":6,"href":"https:\/\/luknaz-sport.pl\/index.php\/wp-json\/wp\/v2\/pages\/380\/revisions"}],"predecessor-version":[{"id":545,"href":"https:\/\/luknaz-sport.pl\/index.php\/wp-json\/wp\/v2\/pages\/380\/revisions\/545"}],"wp:attachment":[{"href":"https:\/\/luknaz-sport.pl\/index.php\/wp-json\/wp\/v2\/media?parent=380"}],"curies":[{"name":"wp","href":"https:\/\/api.w.org\/{rel}","templated":true}]}}